{"id":1067,"date":"2018-08-22T19:29:55","date_gmt":"2018-08-22T22:29:55","guid":{"rendered":"https:\/\/www.casadocuidar.org.br\/?post_type=dt_testimonials&#038;p=1067"},"modified":"2018-08-22T19:29:55","modified_gmt":"2018-08-22T22:29:55","slug":"marcela-dias-lopes-martins","status":"publish","type":"dt_testimonials","link":"https:\/\/www.casadocuidar.org.br\/en\/dt_testimonials\/marcela-dias-lopes-martins\/","title":{"rendered":"Marcela Dias Lopes Martins"},"content":{"rendered":"<p>Fazer esse curso foi talvez a minha melhor terapia da vida. Obrigada por me lembrar tudo o que \u00e9 importante na minha vida. Sigo sendo oncologista pedi\u00e1trica, e come\u00e7ando a ter meus primeiros pacientes paliativos meus. Fazendo com muito carinho e amor&#8230; assim como aprendi na casa do cuidar. Tenho dado aulas para residentes e alunos da gradua\u00e7\u00e3o. O que hoje \u00e9 um dos meus maiores amor. Decidi ap\u00f3s o curso, ap\u00f3s assistir a monografia da minha amiga querida, que eu acredito na educa\u00e7\u00e3o, tamb\u00e9m ter lembrar, que eu acredito, e decidi fazer mestrado, com o intuito de dar aulas um dia. E quero muitoooooo participar desse movimento! Achei incr\u00edvel! E temos j\u00e1 a minha dupla amada e companheira L\u00edcia, que podemos ajudar no in\u00edcio do aux\u00edlio aqui no Rio. Super topamos. E saudades do melhor curso que j\u00e1 fiz.<\/p>\n","protected":false},"excerpt":{"rendered":"<p>Fazer esse curso foi talvez a minha melhor terapia da vida. Obrigada por me lembrar tudo o que \u00e9 importante na minha vida. Sigo sendo oncologista pedi\u00e1trica, e come\u00e7ando a ter meus primeiros pacientes paliativos meus. Fazendo com muito carinho e amor&#8230; assim como aprendi na casa do cuidar. Tenho dado aulas para residentes e&hellip;<\/p>\n","protected":false},"featured_media":0,"template":"","dt_testimonials_category":[34],"class_list":["post-1067","dt_testimonials","type-dt_testimonials","status-publish","hentry","dt_testimonials_category-curso-avancado-multiprofissional","dt_testimonials_category-34","description-off"],"acf":[],"yoast_head":"<!-- This site is optimized with the Yoast SEO plugin v27.5 - https:\/\/yoast.com\/product\/yoast-seo-wordpress\/ -->\n<title>Marcela Dias Lopes Martins - Casa do Cuidar<\/title>\n<meta name=\"robots\" content=\"index, follow, max-snippet:-1, max-image-preview:large, max-video-preview:-1\" \/>\n<link rel=\"canonical\" href=\"https:\/\/www.casadocuidar.org.br\/dt_testimonials\/marcela-dias-lopes-martins\/\" \/>\n<meta property=\"og:locale\" content=\"en_US\" \/>\n<meta property=\"og:type\" content=\"article\" \/>\n<meta property=\"og:title\" content=\"Marcela Dias Lopes Martins - Casa do Cuidar\" \/>\n<meta property=\"og:description\" content=\"Fazer esse curso foi talvez a minha melhor terapia da vida. Obrigada por me lembrar tudo o que \u00e9 importante na minha vida. Sigo sendo oncologista pedi\u00e1trica, e come\u00e7ando a ter meus primeiros pacientes paliativos meus. Fazendo com muito carinho e amor&#8230; assim como aprendi na casa do cuidar. Tenho dado aulas para residentes e&hellip;\" \/>\n<meta property=\"og:url\" content=\"https:\/\/www.casadocuidar.org.br\/dt_testimonials\/marcela-dias-lopes-martins\/\" \/>\n<meta property=\"og:site_name\" content=\"Casa do Cuidar\" \/>\n<meta name=\"twitter:card\" content=\"summary_large_image\" \/>\n<meta name=\"twitter:label1\" content=\"Est. reading time\" \/>\n\t<meta name=\"twitter:data1\" content=\"1 minute\" \/>\n<script type=\"application\/ld+json\" class=\"yoast-schema-graph\">{\"@context\":\"https:\\\/\\\/schema.org\",\"@graph\":[{\"@type\":\"WebPage\",\"@id\":\"https:\\\/\\\/www.casadocuidar.org.br\\\/dt_testimonials\\\/marcela-dias-lopes-martins\\\/\",\"url\":\"https:\\\/\\\/www.casadocuidar.org.br\\\/dt_testimonials\\\/marcela-dias-lopes-martins\\\/\",\"name\":\"Marcela Dias Lopes Martins - Casa do Cuidar\",\"isPartOf\":{\"@id\":\"https:\\\/\\\/www.casadocuidar.org.br\\\/#website\"},\"datePublished\":\"2018-08-22T22:29:55+00:00\",\"breadcrumb\":{\"@id\":\"https:\\\/\\\/www.casadocuidar.org.br\\\/dt_testimonials\\\/marcela-dias-lopes-martins\\\/#breadcrumb\"},\"inLanguage\":\"en-US\",\"potentialAction\":[{\"@type\":\"ReadAction\",\"target\":[\"https:\\\/\\\/www.casadocuidar.org.br\\\/dt_testimonials\\\/marcela-dias-lopes-martins\\\/\"]}]},{\"@type\":\"BreadcrumbList\",\"@id\":\"https:\\\/\\\/www.casadocuidar.org.br\\\/dt_testimonials\\\/marcela-dias-lopes-martins\\\/#breadcrumb\",\"itemListElement\":[{\"@type\":\"ListItem\",\"position\":1,\"name\":\"In\u00edcio\",\"item\":\"https:\\\/\\\/www.casadocuidar.org.br\\\/en\\\/\"},{\"@type\":\"ListItem\",\"position\":2,\"name\":\"Testimonials\",\"item\":\"https:\\\/\\\/www.casadocuidar.org.br\\\/en\\\/dt_testimonials\\\/\"},{\"@type\":\"ListItem\",\"position\":3,\"name\":\"Marcela Dias Lopes Martins\"}]},{\"@type\":\"WebSite\",\"@id\":\"https:\\\/\\\/www.casadocuidar.org.br\\\/#website\",\"url\":\"https:\\\/\\\/www.casadocuidar.org.br\\\/\",\"name\":\"Casa do Cuidar\",\"description\":\"Pr\u00e1tica e ensino em cuidados paliativos\",\"publisher\":{\"@id\":\"https:\\\/\\\/www.casadocuidar.org.br\\\/#organization\"},\"potentialAction\":[{\"@type\":\"SearchAction\",\"target\":{\"@type\":\"EntryPoint\",\"urlTemplate\":\"https:\\\/\\\/www.casadocuidar.org.br\\\/?s={search_term_string}\"},\"query-input\":{\"@type\":\"PropertyValueSpecification\",\"valueRequired\":true,\"valueName\":\"search_term_string\"}}],\"inLanguage\":\"en-US\"},{\"@type\":\"Organization\",\"@id\":\"https:\\\/\\\/www.casadocuidar.org.br\\\/#organization\",\"name\":\"Casa do Cuidar \u2013 Pr\u00e1tica e ensino em cuidados paliativos\",\"url\":\"https:\\\/\\\/www.casadocuidar.org.br\\\/\",\"logo\":{\"@type\":\"ImageObject\",\"inLanguage\":\"en-US\",\"@id\":\"https:\\\/\\\/www.casadocuidar.org.br\\\/#\\\/schema\\\/logo\\\/image\\\/\",\"url\":\"https:\\\/\\\/www.casadocuidar.org.br\\\/website\\\/wp-content\\\/uploads\\\/2018\\\/08\\\/casadocuidar-logoshare.png\",\"contentUrl\":\"https:\\\/\\\/www.casadocuidar.org.br\\\/website\\\/wp-content\\\/uploads\\\/2018\\\/08\\\/casadocuidar-logoshare.png\",\"width\":500,\"height\":500,\"caption\":\"Casa do Cuidar \u2013 Pr\u00e1tica e ensino em cuidados paliativos\"},\"image\":{\"@id\":\"https:\\\/\\\/www.casadocuidar.org.br\\\/#\\\/schema\\\/logo\\\/image\\\/\"}}]}<\/script>\n<!-- \/ Yoast SEO plugin. -->","yoast_head_json":{"title":"Marcela Dias Lopes Martins - Casa do Cuidar","robots":{"index":"index","follow":"follow","max-snippet":"max-snippet:-1","max-image-preview":"max-image-preview:large","max-video-preview":"max-video-preview:-1"},"canonical":"https:\/\/www.casadocuidar.org.br\/dt_testimonials\/marcela-dias-lopes-martins\/","og_locale":"en_US","og_type":"article","og_title":"Marcela Dias Lopes Martins - Casa do Cuidar","og_description":"Fazer esse curso foi talvez a minha melhor terapia da vida. Obrigada por me lembrar tudo o que \u00e9 importante na minha vida. Sigo sendo oncologista pedi\u00e1trica, e come\u00e7ando a ter meus primeiros pacientes paliativos meus. Fazendo com muito carinho e amor&#8230; assim como aprendi na casa do cuidar. Tenho dado aulas para residentes e&hellip;","og_url":"https:\/\/www.casadocuidar.org.br\/dt_testimonials\/marcela-dias-lopes-martins\/","og_site_name":"Casa do Cuidar","twitter_card":"summary_large_image","twitter_misc":{"Est. reading time":"1 minute"},"schema":{"@context":"https:\/\/schema.org","@graph":[{"@type":"WebPage","@id":"https:\/\/www.casadocuidar.org.br\/dt_testimonials\/marcela-dias-lopes-martins\/","url":"https:\/\/www.casadocuidar.org.br\/dt_testimonials\/marcela-dias-lopes-martins\/","name":"Marcela Dias Lopes Martins - Casa do Cuidar","isPartOf":{"@id":"https:\/\/www.casadocuidar.org.br\/#website"},"datePublished":"2018-08-22T22:29:55+00:00","breadcrumb":{"@id":"https:\/\/www.casadocuidar.org.br\/dt_testimonials\/marcela-dias-lopes-martins\/#breadcrumb"},"inLanguage":"en-US","potentialAction":[{"@type":"ReadAction","target":["https:\/\/www.casadocuidar.org.br\/dt_testimonials\/marcela-dias-lopes-martins\/"]}]},{"@type":"BreadcrumbList","@id":"https:\/\/www.casadocuidar.org.br\/dt_testimonials\/marcela-dias-lopes-martins\/#breadcrumb","itemListElement":[{"@type":"ListItem","position":1,"name":"In\u00edcio","item":"https:\/\/www.casadocuidar.org.br\/en\/"},{"@type":"ListItem","position":2,"name":"Testimonials","item":"https:\/\/www.casadocuidar.org.br\/en\/dt_testimonials\/"},{"@type":"ListItem","position":3,"name":"Marcela Dias Lopes Martins"}]},{"@type":"WebSite","@id":"https:\/\/www.casadocuidar.org.br\/#website","url":"https:\/\/www.casadocuidar.org.br\/","name":"Casa do Cuidar","description":"Pr\u00e1tica e ensino em cuidados paliativos","publisher":{"@id":"https:\/\/www.casadocuidar.org.br\/#organization"},"potentialAction":[{"@type":"SearchAction","target":{"@type":"EntryPoint","urlTemplate":"https:\/\/www.casadocuidar.org.br\/?s={search_term_string}"},"query-input":{"@type":"PropertyValueSpecification","valueRequired":true,"valueName":"search_term_string"}}],"inLanguage":"en-US"},{"@type":"Organization","@id":"https:\/\/www.casadocuidar.org.br\/#organization","name":"Casa do Cuidar \u2013 Pr\u00e1tica e ensino em cuidados paliativos","url":"https:\/\/www.casadocuidar.org.br\/","logo":{"@type":"ImageObject","inLanguage":"en-US","@id":"https:\/\/www.casadocuidar.org.br\/#\/schema\/logo\/image\/","url":"https:\/\/www.casadocuidar.org.br\/website\/wp-content\/uploads\/2018\/08\/casadocuidar-logoshare.png","contentUrl":"https:\/\/www.casadocuidar.org.br\/website\/wp-content\/uploads\/2018\/08\/casadocuidar-logoshare.png","width":500,"height":500,"caption":"Casa do Cuidar \u2013 Pr\u00e1tica e ensino em cuidados paliativos"},"image":{"@id":"https:\/\/www.casadocuidar.org.br\/#\/schema\/logo\/image\/"}}]}},"_links":{"self":[{"href":"https:\/\/www.casadocuidar.org.br\/en\/wp-json\/wp\/v2\/dt_testimonials\/1067","targetHints":{"allow":["GET"]}}],"collection":[{"href":"https:\/\/www.casadocuidar.org.br\/en\/wp-json\/wp\/v2\/dt_testimonials"}],"about":[{"href":"https:\/\/www.casadocuidar.org.br\/en\/wp-json\/wp\/v2\/types\/dt_testimonials"}],"wp:attachment":[{"href":"https:\/\/www.casadocuidar.org.br\/en\/wp-json\/wp\/v2\/media?parent=1067"}],"wp:term":[{"taxonomy":"dt_testimonials_category","embeddable":true,"href":"https:\/\/www.casadocuidar.org.br\/en\/wp-json\/wp\/v2\/dt_testimonials_category?post=1067"}],"curies":[{"name":"wp","href":"https:\/\/api.w.org\/{rel}","templated":true}]}}

<p>Fazer esse curso foi talvez a minha melhor terapia da vida. Obrigada por me lembrar tudo o que é importante na minha vida. Sigo sendo oncologista pediátrica, e começando a ter meus primeiros pacientes paliativos meus. Fazendo com muito carinho e amor&#8230; assim como aprendi na casa do cuidar. Tenho dado aulas para residentes e alunos da graduação. O que hoje é um dos meus maiores amor. Decidi após o curso, após assistir a monografia da minha amiga querida, que eu acredito na educação, também ter lembrar, que eu acredito, e decidi fazer mestrado, com o intuito de dar aulas um dia. E quero muitoooooo participar desse movimento! Achei incrível! E temos já a minha dupla amada e companheira Lícia, que podemos ajudar no início do auxílio aqui no Rio. Super topamos. E saudades do melhor curso que já fiz.</p>

<p>Fazer esse curso foi talvez a minha melhor terapia da vida. Obrigada por me lembrar tudo o que é importante na minha vida. Sigo sendo oncologista pediátrica, e começando a ter meus primeiros pacientes paliativos meus. Fazendo com muito carinho e amor&#8230; assim como aprendi na casa do cuidar. Tenho dado aulas para residentes e&hellip;</p>

<!-- This site is optimized with the Yoast SEO plugin v27.5 - https://yoast.com/product/yoast-seo-wordpress/ -->
<title>Marcela Dias Lopes Martins - Casa do Cuidar</title>
<meta name="robots" content="index, follow, max-snippet:-1, max-image-preview:large, max-video-preview:-1" />
<link rel="canonical" href="https://www.casadocuidar.org.br/dt_testimonials/marcela-dias-lopes-martins/" />
<meta property="og:locale" content="en_US" />
<meta property="og:type" content="article" />
<meta property="og:title" content="Marcela Dias Lopes Martins - Casa do Cuidar" />
<meta property="og:description" content="Fazer esse curso foi talvez a minha melhor terapia da vida. Obrigada por me lembrar tudo o que é importante na minha vida. Sigo sendo oncologista pediátrica, e começando a ter meus primeiros pacientes paliativos meus. Fazendo com muito carinho e amor&#8230; assim como aprendi na casa do cuidar. Tenho dado aulas para residentes e&hellip;" />
<meta property="og:url" content="https://www.casadocuidar.org.br/dt_testimonials/marcela-dias-lopes-martins/" />
<meta property="og:site_name" content="Casa do Cuidar" />
<meta name="twitter:card" content="summary_large_image" />
<meta name="twitter:label1" content="Est. reading time" />
	<meta name="twitter:data1" content="1 minute" />
<script type="application/ld+json" class="yoast-schema-graph">{"@context":"https:\/\/schema.org","@graph":[{"@type":"WebPage","@id":"https:\/\/www.casadocuidar.org.br\/dt_testimonials\/marcela-dias-lopes-martins\/","url":"https:\/\/www.casadocuidar.org.br\/dt_testimonials\/marcela-dias-lopes-martins\/","name":"Marcela Dias Lopes Martins - Casa do Cuidar","isPartOf":{"@id":"https:\/\/www.casadocuidar.org.br\/#website"},"datePublished":"2018-08-22T22:29:55+00:00","breadcrumb":{"@id":"https:\/\/www.casadocuidar.org.br\/dt_testimonials\/marcela-dias-lopes-martins\/#breadcrumb"},"inLanguage":"en-US","potentialAction":[{"@type":"ReadAction","target":["https:\/\/www.casadocuidar.org.br\/dt_testimonials\/marcela-dias-lopes-martins\/"]}]},{"@type":"BreadcrumbList","@id":"https:\/\/www.casadocuidar.org.br\/dt_testimonials\/marcela-dias-lopes-martins\/#breadcrumb","itemListElement":[{"@type":"ListItem","position":1,"name":"Início","item":"https:\/\/www.casadocuidar.org.br\/en\/"},{"@type":"ListItem","position":2,"name":"Testimonials","item":"https:\/\/www.casadocuidar.org.br\/en\/dt_testimonials\/"},{"@type":"ListItem","position":3,"name":"Marcela Dias Lopes Martins"}]},{"@type":"WebSite","@id":"https:\/\/www.casadocuidar.org.br\/#website","url":"https:\/\/www.casadocuidar.org.br\/","name":"Casa do Cuidar","description":"Prática e ensino em cuidados paliativos","publisher":{"@id":"https:\/\/www.casadocuidar.org.br\/#organization"},"potentialAction":[{"@type":"SearchAction","target":{"@type":"EntryPoint","urlTemplate":"https:\/\/www.casadocuidar.org.br\/?s={search_term_string}"},"query-input":{"@type":"PropertyValueSpecification","valueRequired":true,"valueName":"search_term_string"}}],"inLanguage":"en-US"},{"@type":"Organization","@id":"https:\/\/www.casadocuidar.org.br\/#organization","name":"Casa do Cuidar – Prática e ensino em cuidados paliativos","url":"https:\/\/www.casadocuidar.org.br\/","logo":{"@type":"ImageObject","inLanguage":"en-US","@id":"https:\/\/www.casadocuidar.org.br\/#\/schema\/logo\/image\/","url":"https:\/\/www.casadocuidar.org.br\/website\/wp-content\/uploads\/2018\/08\/casadocuidar-logoshare.png","contentUrl":"https:\/\/www.casadocuidar.org.br\/website\/wp-content\/uploads\/2018\/08\/casadocuidar-logoshare.png","width":500,"height":500,"caption":"Casa do Cuidar – Prática e ensino em cuidados paliativos"},"image":{"@id":"https:\/\/www.casadocuidar.org.br\/#\/schema\/logo\/image\/"}}]}</script>
<!-- / Yoast SEO plugin. -->

Fazer esse curso foi talvez a minha melhor terapia da vida. Obrigada por me lembrar tudo o que é importante na minha vida. Sigo sendo oncologista pediátrica, e começando a ter meus primeiros pacientes paliativos meus. Fazendo com muito carinho e amor&#8230; assim como aprendi na casa do cuidar. Tenho dado aulas para residentes e&hellip;

Início

Prática e ensino em cuidados paliativos

Casa do Cuidar – Prática e ensino em cuidados paliativos
