{"id":1060,"date":"2018-08-22T19:13:03","date_gmt":"2018-08-22T22:13:03","guid":{"rendered":"https:\/\/www.casadocuidar.org.br\/?post_type=dt_testimonials&#038;p=1060"},"modified":"2018-08-22T19:13:03","modified_gmt":"2018-08-22T22:13:03","slug":"erika-aguiar-lara-pereira","status":"publish","type":"dt_testimonials","link":"https:\/\/www.casadocuidar.org.br\/en\/dt_testimonials\/erika-aguiar-lara-pereira\/","title":{"rendered":"\u00c9rika Aguiar Lara Pereira"},"content":{"rendered":"<p>Sinto-me honrada em fazer parte da hist\u00f3ria da Casa do Cuidar e o quanto essa forma\u00e7\u00e3o foi transformadora em minha vida&#8230; continua sendo!<\/p>\n<p>Desde que fiz o curso, trabalhei um bom tempo em empresas de &#8220;Home Care&#8221; e consegui treinar algumas equipes, entretanto os enfrentamentos de dilemas \u00e9ticos (empresas prometem oferecer uma assist\u00eancia que n\u00e3o cumprem) me levaram a afastar deste tipo de trabalho.<\/p>\n<p>Atualmente dedico-me quase exclusivamente a forma\u00e7\u00e3o medica na gradua\u00e7\u00e3o da PUC Goi\u00e1s, o restante do tempo atendo consult\u00f3rio particular como M\u00e9dica de Fam\u00edlia e acabo recebendo pacientes de colegas que me solicitam a comunicar ao paciente deles alguma m\u00e1 not\u00edcia e assim ofere\u00e7o assist\u00eancia em CP.<\/p>\n<p>Com a forma\u00e7\u00e3o em Medicina de Fam\u00edlia e Comunidade trabalho no Grupo de Trabalho da Sociedade Brasileira de Medicina de Fam\u00edlia e Comunidade e atualmente estamos trabalhando nas compet\u00eancias em CP para o MFC do Curr\u00edculo Baseado em Compet\u00eancias da Sociedade Brasileira de MFC,\u00a0para a nova vers\u00e3o que ser\u00e1 publicada em 2019.<\/p>\n<p>Parece que novos ventos come\u00e7am a soprar por aqui e novos trabalhos apontam no horizonte. Espero que em breve eu traga mais novidades!<\/p>\n","protected":false},"excerpt":{"rendered":"<p>Sinto-me honrada em fazer parte da hist\u00f3ria da Casa do Cuidar e o quanto essa forma\u00e7\u00e3o foi transformadora em minha vida&#8230; continua sendo! Desde que fiz o curso, trabalhei um bom tempo em empresas de &#8220;Home Care&#8221; e consegui treinar algumas equipes, entretanto os enfrentamentos de dilemas \u00e9ticos (empresas prometem oferecer uma assist\u00eancia que n\u00e3o&hellip;<\/p>\n","protected":false},"featured_media":0,"template":"","dt_testimonials_category":[34],"class_list":["post-1060","dt_testimonials","type-dt_testimonials","status-publish","hentry","dt_testimonials_category-curso-avancado-multiprofissional","dt_testimonials_category-34","description-off"],"acf":[],"yoast_head":"<!-- This site is optimized with the Yoast SEO plugin v27.5 - https:\/\/yoast.com\/product\/yoast-seo-wordpress\/ -->\n<title>\u00c9rika Aguiar Lara Pereira - Casa do Cuidar<\/title>\n<meta name=\"robots\" content=\"index, follow, max-snippet:-1, max-image-preview:large, max-video-preview:-1\" \/>\n<link rel=\"canonical\" href=\"https:\/\/www.casadocuidar.org.br\/dt_testimonials\/erika-aguiar-lara-pereira\/\" \/>\n<meta property=\"og:locale\" content=\"en_US\" \/>\n<meta property=\"og:type\" content=\"article\" \/>\n<meta property=\"og:title\" content=\"\u00c9rika Aguiar Lara Pereira - Casa do Cuidar\" \/>\n<meta property=\"og:description\" content=\"Sinto-me honrada em fazer parte da hist\u00f3ria da Casa do Cuidar e o quanto essa forma\u00e7\u00e3o foi transformadora em minha vida&#8230; continua sendo! Desde que fiz o curso, trabalhei um bom tempo em empresas de &#8220;Home Care&#8221; e consegui treinar algumas equipes, entretanto os enfrentamentos de dilemas \u00e9ticos (empresas prometem oferecer uma assist\u00eancia que n\u00e3o&hellip;\" \/>\n<meta property=\"og:url\" content=\"https:\/\/www.casadocuidar.org.br\/dt_testimonials\/erika-aguiar-lara-pereira\/\" \/>\n<meta property=\"og:site_name\" content=\"Casa do Cuidar\" \/>\n<meta name=\"twitter:card\" content=\"summary_large_image\" \/>\n<meta name=\"twitter:label1\" content=\"Est. reading time\" \/>\n\t<meta name=\"twitter:data1\" content=\"1 minute\" \/>\n<script type=\"application\/ld+json\" class=\"yoast-schema-graph\">{\"@context\":\"https:\\\/\\\/schema.org\",\"@graph\":[{\"@type\":\"WebPage\",\"@id\":\"https:\\\/\\\/www.casadocuidar.org.br\\\/dt_testimonials\\\/erika-aguiar-lara-pereira\\\/\",\"url\":\"https:\\\/\\\/www.casadocuidar.org.br\\\/dt_testimonials\\\/erika-aguiar-lara-pereira\\\/\",\"name\":\"\u00c9rika Aguiar Lara Pereira - Casa do Cuidar\",\"isPartOf\":{\"@id\":\"https:\\\/\\\/www.casadocuidar.org.br\\\/#website\"},\"datePublished\":\"2018-08-22T22:13:03+00:00\",\"breadcrumb\":{\"@id\":\"https:\\\/\\\/www.casadocuidar.org.br\\\/dt_testimonials\\\/erika-aguiar-lara-pereira\\\/#breadcrumb\"},\"inLanguage\":\"en-US\",\"potentialAction\":[{\"@type\":\"ReadAction\",\"target\":[\"https:\\\/\\\/www.casadocuidar.org.br\\\/dt_testimonials\\\/erika-aguiar-lara-pereira\\\/\"]}]},{\"@type\":\"BreadcrumbList\",\"@id\":\"https:\\\/\\\/www.casadocuidar.org.br\\\/dt_testimonials\\\/erika-aguiar-lara-pereira\\\/#breadcrumb\",\"itemListElement\":[{\"@type\":\"ListItem\",\"position\":1,\"name\":\"In\u00edcio\",\"item\":\"https:\\\/\\\/www.casadocuidar.org.br\\\/en\\\/\"},{\"@type\":\"ListItem\",\"position\":2,\"name\":\"Testimonials\",\"item\":\"https:\\\/\\\/www.casadocuidar.org.br\\\/en\\\/dt_testimonials\\\/\"},{\"@type\":\"ListItem\",\"position\":3,\"name\":\"\u00c9rika Aguiar Lara Pereira\"}]},{\"@type\":\"WebSite\",\"@id\":\"https:\\\/\\\/www.casadocuidar.org.br\\\/#website\",\"url\":\"https:\\\/\\\/www.casadocuidar.org.br\\\/\",\"name\":\"Casa do Cuidar\",\"description\":\"Pr\u00e1tica e ensino em cuidados paliativos\",\"publisher\":{\"@id\":\"https:\\\/\\\/www.casadocuidar.org.br\\\/#organization\"},\"potentialAction\":[{\"@type\":\"SearchAction\",\"target\":{\"@type\":\"EntryPoint\",\"urlTemplate\":\"https:\\\/\\\/www.casadocuidar.org.br\\\/?s={search_term_string}\"},\"query-input\":{\"@type\":\"PropertyValueSpecification\",\"valueRequired\":true,\"valueName\":\"search_term_string\"}}],\"inLanguage\":\"en-US\"},{\"@type\":\"Organization\",\"@id\":\"https:\\\/\\\/www.casadocuidar.org.br\\\/#organization\",\"name\":\"Casa do Cuidar \u2013 Pr\u00e1tica e ensino em cuidados paliativos\",\"url\":\"https:\\\/\\\/www.casadocuidar.org.br\\\/\",\"logo\":{\"@type\":\"ImageObject\",\"inLanguage\":\"en-US\",\"@id\":\"https:\\\/\\\/www.casadocuidar.org.br\\\/#\\\/schema\\\/logo\\\/image\\\/\",\"url\":\"https:\\\/\\\/www.casadocuidar.org.br\\\/website\\\/wp-content\\\/uploads\\\/2018\\\/08\\\/casadocuidar-logoshare.png\",\"contentUrl\":\"https:\\\/\\\/www.casadocuidar.org.br\\\/website\\\/wp-content\\\/uploads\\\/2018\\\/08\\\/casadocuidar-logoshare.png\",\"width\":500,\"height\":500,\"caption\":\"Casa do Cuidar \u2013 Pr\u00e1tica e ensino em cuidados paliativos\"},\"image\":{\"@id\":\"https:\\\/\\\/www.casadocuidar.org.br\\\/#\\\/schema\\\/logo\\\/image\\\/\"}}]}<\/script>\n<!-- \/ Yoast SEO plugin. -->","yoast_head_json":{"title":"\u00c9rika Aguiar Lara Pereira - Casa do Cuidar","robots":{"index":"index","follow":"follow","max-snippet":"max-snippet:-1","max-image-preview":"max-image-preview:large","max-video-preview":"max-video-preview:-1"},"canonical":"https:\/\/www.casadocuidar.org.br\/dt_testimonials\/erika-aguiar-lara-pereira\/","og_locale":"en_US","og_type":"article","og_title":"\u00c9rika Aguiar Lara Pereira - Casa do Cuidar","og_description":"Sinto-me honrada em fazer parte da hist\u00f3ria da Casa do Cuidar e o quanto essa forma\u00e7\u00e3o foi transformadora em minha vida&#8230; continua sendo! Desde que fiz o curso, trabalhei um bom tempo em empresas de &#8220;Home Care&#8221; e consegui treinar algumas equipes, entretanto os enfrentamentos de dilemas \u00e9ticos (empresas prometem oferecer uma assist\u00eancia que n\u00e3o&hellip;","og_url":"https:\/\/www.casadocuidar.org.br\/dt_testimonials\/erika-aguiar-lara-pereira\/","og_site_name":"Casa do Cuidar","twitter_card":"summary_large_image","twitter_misc":{"Est. reading time":"1 minute"},"schema":{"@context":"https:\/\/schema.org","@graph":[{"@type":"WebPage","@id":"https:\/\/www.casadocuidar.org.br\/dt_testimonials\/erika-aguiar-lara-pereira\/","url":"https:\/\/www.casadocuidar.org.br\/dt_testimonials\/erika-aguiar-lara-pereira\/","name":"\u00c9rika Aguiar Lara Pereira - Casa do Cuidar","isPartOf":{"@id":"https:\/\/www.casadocuidar.org.br\/#website"},"datePublished":"2018-08-22T22:13:03+00:00","breadcrumb":{"@id":"https:\/\/www.casadocuidar.org.br\/dt_testimonials\/erika-aguiar-lara-pereira\/#breadcrumb"},"inLanguage":"en-US","potentialAction":[{"@type":"ReadAction","target":["https:\/\/www.casadocuidar.org.br\/dt_testimonials\/erika-aguiar-lara-pereira\/"]}]},{"@type":"BreadcrumbList","@id":"https:\/\/www.casadocuidar.org.br\/dt_testimonials\/erika-aguiar-lara-pereira\/#breadcrumb","itemListElement":[{"@type":"ListItem","position":1,"name":"In\u00edcio","item":"https:\/\/www.casadocuidar.org.br\/en\/"},{"@type":"ListItem","position":2,"name":"Testimonials","item":"https:\/\/www.casadocuidar.org.br\/en\/dt_testimonials\/"},{"@type":"ListItem","position":3,"name":"\u00c9rika Aguiar Lara Pereira"}]},{"@type":"WebSite","@id":"https:\/\/www.casadocuidar.org.br\/#website","url":"https:\/\/www.casadocuidar.org.br\/","name":"Casa do Cuidar","description":"Pr\u00e1tica e ensino em cuidados paliativos","publisher":{"@id":"https:\/\/www.casadocuidar.org.br\/#organization"},"potentialAction":[{"@type":"SearchAction","target":{"@type":"EntryPoint","urlTemplate":"https:\/\/www.casadocuidar.org.br\/?s={search_term_string}"},"query-input":{"@type":"PropertyValueSpecification","valueRequired":true,"valueName":"search_term_string"}}],"inLanguage":"en-US"},{"@type":"Organization","@id":"https:\/\/www.casadocuidar.org.br\/#organization","name":"Casa do Cuidar \u2013 Pr\u00e1tica e ensino em cuidados paliativos","url":"https:\/\/www.casadocuidar.org.br\/","logo":{"@type":"ImageObject","inLanguage":"en-US","@id":"https:\/\/www.casadocuidar.org.br\/#\/schema\/logo\/image\/","url":"https:\/\/www.casadocuidar.org.br\/website\/wp-content\/uploads\/2018\/08\/casadocuidar-logoshare.png","contentUrl":"https:\/\/www.casadocuidar.org.br\/website\/wp-content\/uploads\/2018\/08\/casadocuidar-logoshare.png","width":500,"height":500,"caption":"Casa do Cuidar \u2013 Pr\u00e1tica e ensino em cuidados paliativos"},"image":{"@id":"https:\/\/www.casadocuidar.org.br\/#\/schema\/logo\/image\/"}}]}},"_links":{"self":[{"href":"https:\/\/www.casadocuidar.org.br\/en\/wp-json\/wp\/v2\/dt_testimonials\/1060","targetHints":{"allow":["GET"]}}],"collection":[{"href":"https:\/\/www.casadocuidar.org.br\/en\/wp-json\/wp\/v2\/dt_testimonials"}],"about":[{"href":"https:\/\/www.casadocuidar.org.br\/en\/wp-json\/wp\/v2\/types\/dt_testimonials"}],"wp:attachment":[{"href":"https:\/\/www.casadocuidar.org.br\/en\/wp-json\/wp\/v2\/media?parent=1060"}],"wp:term":[{"taxonomy":"dt_testimonials_category","embeddable":true,"href":"https:\/\/www.casadocuidar.org.br\/en\/wp-json\/wp\/v2\/dt_testimonials_category?post=1060"}],"curies":[{"name":"wp","href":"https:\/\/api.w.org\/{rel}","templated":true}]}}

Érika Aguiar Lara Pereira

<p>Sinto-me honrada em fazer parte da história da Casa do Cuidar e o quanto essa formação foi transformadora em minha vida&#8230; continua sendo!</p>
<p>Desde que fiz o curso, trabalhei um bom tempo em empresas de &#8220;Home Care&#8221; e consegui treinar algumas equipes, entretanto os enfrentamentos de dilemas éticos (empresas prometem oferecer uma assistência que não cumprem) me levaram a afastar deste tipo de trabalho.</p>
<p>Atualmente dedico-me quase exclusivamente a formação medica na graduação da PUC Goiás, o restante do tempo atendo consultório particular como Médica de Família e acabo recebendo pacientes de colegas que me solicitam a comunicar ao paciente deles alguma má notícia e assim ofereço assistência em CP.</p>
<p>Com a formação em Medicina de Família e Comunidade trabalho no Grupo de Trabalho da Sociedade Brasileira de Medicina de Família e Comunidade e atualmente estamos trabalhando nas competências em CP para o MFC do Currículo Baseado em Competências da Sociedade Brasileira de MFC, para a nova versão que será publicada em 2019.</p>
<p>Parece que novos ventos começam a soprar por aqui e novos trabalhos apontam no horizonte. Espero que em breve eu traga mais novidades!</p>

<p>Sinto-me honrada em fazer parte da história da Casa do Cuidar e o quanto essa formação foi transformadora em minha vida&#8230; continua sendo! Desde que fiz o curso, trabalhei um bom tempo em empresas de &#8220;Home Care&#8221; e consegui treinar algumas equipes, entretanto os enfrentamentos de dilemas éticos (empresas prometem oferecer uma assistência que não&hellip;</p>

<!-- This site is optimized with the Yoast SEO plugin v27.5 - https://yoast.com/product/yoast-seo-wordpress/ -->
<title>Érika Aguiar Lara Pereira - Casa do Cuidar</title>
<meta name="robots" content="index, follow, max-snippet:-1, max-image-preview:large, max-video-preview:-1" />
<link rel="canonical" href="https://www.casadocuidar.org.br/dt_testimonials/erika-aguiar-lara-pereira/" />
<meta property="og:locale" content="en_US" />
<meta property="og:type" content="article" />
<meta property="og:title" content="Érika Aguiar Lara Pereira - Casa do Cuidar" />
<meta property="og:description" content="Sinto-me honrada em fazer parte da história da Casa do Cuidar e o quanto essa formação foi transformadora em minha vida&#8230; continua sendo! Desde que fiz o curso, trabalhei um bom tempo em empresas de &#8220;Home Care&#8221; e consegui treinar algumas equipes, entretanto os enfrentamentos de dilemas éticos (empresas prometem oferecer uma assistência que não&hellip;" />
<meta property="og:url" content="https://www.casadocuidar.org.br/dt_testimonials/erika-aguiar-lara-pereira/" />
<meta property="og:site_name" content="Casa do Cuidar" />
<meta name="twitter:card" content="summary_large_image" />
<meta name="twitter:label1" content="Est. reading time" />
	<meta name="twitter:data1" content="1 minute" />
<script type="application/ld+json" class="yoast-schema-graph">{"@context":"https:\/\/schema.org","@graph":[{"@type":"WebPage","@id":"https:\/\/www.casadocuidar.org.br\/dt_testimonials\/erika-aguiar-lara-pereira\/","url":"https:\/\/www.casadocuidar.org.br\/dt_testimonials\/erika-aguiar-lara-pereira\/","name":"Érika Aguiar Lara Pereira - Casa do Cuidar","isPartOf":{"@id":"https:\/\/www.casadocuidar.org.br\/#website"},"datePublished":"2018-08-22T22:13:03+00:00","breadcrumb":{"@id":"https:\/\/www.casadocuidar.org.br\/dt_testimonials\/erika-aguiar-lara-pereira\/#breadcrumb"},"inLanguage":"en-US","potentialAction":[{"@type":"ReadAction","target":["https:\/\/www.casadocuidar.org.br\/dt_testimonials\/erika-aguiar-lara-pereira\/"]}]},{"@type":"BreadcrumbList","@id":"https:\/\/www.casadocuidar.org.br\/dt_testimonials\/erika-aguiar-lara-pereira\/#breadcrumb","itemListElement":[{"@type":"ListItem","position":1,"name":"Início","item":"https:\/\/www.casadocuidar.org.br\/en\/"},{"@type":"ListItem","position":2,"name":"Testimonials","item":"https:\/\/www.casadocuidar.org.br\/en\/dt_testimonials\/"},{"@type":"ListItem","position":3,"name":"Érika Aguiar Lara Pereira"}]},{"@type":"WebSite","@id":"https:\/\/www.casadocuidar.org.br\/#website","url":"https:\/\/www.casadocuidar.org.br\/","name":"Casa do Cuidar","description":"Prática e ensino em cuidados paliativos","publisher":{"@id":"https:\/\/www.casadocuidar.org.br\/#organization"},"potentialAction":[{"@type":"SearchAction","target":{"@type":"EntryPoint","urlTemplate":"https:\/\/www.casadocuidar.org.br\/?s={search_term_string}"},"query-input":{"@type":"PropertyValueSpecification","valueRequired":true,"valueName":"search_term_string"}}],"inLanguage":"en-US"},{"@type":"Organization","@id":"https:\/\/www.casadocuidar.org.br\/#organization","name":"Casa do Cuidar – Prática e ensino em cuidados paliativos","url":"https:\/\/www.casadocuidar.org.br\/","logo":{"@type":"ImageObject","inLanguage":"en-US","@id":"https:\/\/www.casadocuidar.org.br\/#\/schema\/logo\/image\/","url":"https:\/\/www.casadocuidar.org.br\/website\/wp-content\/uploads\/2018\/08\/casadocuidar-logoshare.png","contentUrl":"https:\/\/www.casadocuidar.org.br\/website\/wp-content\/uploads\/2018\/08\/casadocuidar-logoshare.png","width":500,"height":500,"caption":"Casa do Cuidar – Prática e ensino em cuidados paliativos"},"image":{"@id":"https:\/\/www.casadocuidar.org.br\/#\/schema\/logo\/image\/"}}]}</script>
<!-- / Yoast SEO plugin. -->

Érika Aguiar Lara Pereira - Casa do Cuidar

Sinto-me honrada em fazer parte da história da Casa do Cuidar e o quanto essa formação foi transformadora em minha vida&#8230; continua sendo! Desde que fiz o curso, trabalhei um bom tempo em empresas de &#8220;Home Care&#8221; e consegui treinar algumas equipes, entretanto os enfrentamentos de dilemas éticos (empresas prometem oferecer uma assistência que não&hellip;

Início

Prática e ensino em cuidados paliativos

Casa do Cuidar – Prática e ensino em cuidados paliativos
